{"id":2333,"date":"2022-09-04T10:25:43","date_gmt":"2022-09-04T10:25:43","guid":{"rendered":"https:\/\/akademiasu.org.pl\/?page_id=2333"},"modified":"2022-09-04T10:26:57","modified_gmt":"2022-09-04T10:26:57","slug":"grupywsparcia2022","status":"publish","type":"page","link":"https:\/\/akademiasu.org.pl\/?page_id=2333","title":{"rendered":"Warsztaty dla szkolnych grup wsparcia"},"content":{"rendered":"\n\n\t<h1>\n\t\t\t\t\t<a href=\"https:\/\/akademiasu.org.pl\/?page_id=1210\" title=\"WARSZTATY\" target=\"_self\" rel=\"noopener\">\n\t\t\t\t\t\tWARSZTATY\n\t\t\t\t\t\t<\/a>\n\t\t\t<\/h1>\n\t\t\t<h3><b>Warsztaty dla szkolnych grup wsparcia<\/b><\/h3>\n<p>maj-czerwiec 2022r.<\/p>\nPo wybuchu wojny w Ukrainie nasi cz\u0142onkowie i wolontariusze zaanga\u017cowali si\u0119 wsparcie os\u00f3b, kt\u00f3re przyjecha\u0142y do naszego kraju zza wschodniej granicy. Nie poprzestali\u015bmy jednak na indywidualnych dzia\u0142aniach.\nWe wsp\u00f3\u0142pracy z Urz\u0119dem Miejskim Wroc\u0142awia i M\u0142odzie\u017cow\u0105 Rada Miasta Wroc\u0142awia zorganizowali\u015bmy kompleksowe szkolenie dla szkolnych grup wsparcia uczni\u00f3w z Ukrainy. W trzech turach zrealizowali\u015bmy 7-godzinne warsztaty ukierunkowane na wspieranie rozwijania kompetencji spo\u0142ecznych w kierunku rozpoznawania trudnych sytuacji w \u015brodowisku r\u00f3wie\u015bniczym i stosowne dzia\u0142anie w sytuacji kryzysowej wed\u0142ug osi widz\u0119 &#8211; rozumiem &#8211; reaguj\u0119. Przygotowali\u015bmy tak\u017ce dodatkowe modu\u0142y wzmacniaj\u0105ce rezultaty szkolenia &#8211; modu\u0142 po\u015bwi\u0119cony stosownemu dzia\u0142aniu pod presj\u0105 i w sytuacjach stresowych, a tak\u017ce dodatkowe konsultacje w formie Q&amp;A. Szkolenie poprowadzi\u0142 Life&amp;NGO coach, moderator proces\u00f3w kreatywnych, trener profilaktyki zdrowia psychicznego, cz\u0142onek Rady Ekspert\u00f3w przy Rzeczniku Praw Dziecka Dawid Radomski.\nW szkoleniach wzi\u0119\u0142o udzia\u0142 85 uczni\u00f3w z 10 szk\u00f3\u0142 ponadpodstawowych.\nZadanie publiczne by\u0142o finansowane ze \u015brodk\u00f3w Gminy Wroc\u0142aw\n\t\t\t\t<img decoding=\"async\" src=\"https:\/\/akademiasu.org.pl\/wp-content\/uploads\/2022\/01\/wroclaw_wbsu.jpg\" alt=\"wroclaw_wbsu\" itemprop=\"image\" title=\"wroclaw_wbsu\" onerror=\"this.style.display='none'\"  \/>\n\t\n\n","protected":false},"excerpt":{"rendered":"<p>Our Projects Adventure Water Sports Interdum exercitation penatibus, praesentium facilisi accusamus fermentum, sagittis. Snow Adventure Winter Sports Interdum exercitation penatibus, praesentium facilisi accusamus fermentum, sagittis. Forest Tours Camping Interdum exercitation penatibus, praesentium facilisi accusamus fermentum, sagittis.<\/p>\n","protected":false},"author":2,"featured_media":0,"parent":1210,"menu_order":0,"comment_status":"closed","ping_status":"closed","template":"","meta":{"site-sidebar-layout":"no-sidebar","site-content-layout":"page-builder","ast-site-content-layout":"default","site-content-style":"default","site-sidebar-style":"default","ast-global-header-display":"","ast-banner-title-visibility":"","ast-main-header-display":"","ast-hfb-above-header-display":"","ast-hfb-below-header-display":"","ast-hfb-mobile-header-display":"","site-post-title":"disabled","ast-breadcrumbs-content":"","ast-featured-img":"disabled","footer-sml-layout":"","theme-transparent-header-meta":"default","adv-header-id-meta":"","stick-header-meta":"","header-above-stick-meta":"","header-main-stick-meta":"","header-below-stick-meta":"","astra-migrate-meta-layouts":"default","ast-page-background-enabled":"default","ast-page-background-meta":{"desktop":{"background-color":"","background-image":"","background-repeat":"repeat","background-position":"center center","background-size":"auto","background-attachment":"scroll","background-type":"","background-media":"","overlay-type":"","overlay-color":"","overlay-opacity":"","overlay-gradient":""},"tablet":{"background-color":"","background-image":"","background-repeat":"repeat","background-position":"center center","background-size":"auto","background-attachment":"scroll","background-type":"","background-media":"","overlay-type":"","overlay-color":"","overlay-opacity":"","overlay-gradient":""},"mobile":{"background-color":"","background-image":"","background-repeat":"repeat","background-position":"center center","background-size":"auto","background-attachment":"scroll","background-type":"","background-media":"","overlay-type":"","overlay-color":"","overlay-opacity":"","overlay-gradient":""}},"ast-content-background-meta":{"desktop":{"background-color":"var(--ast-global-color-5)","background-image":"","background-repeat":"repeat","background-position":"center center","background-size":"auto","background-attachment":"scroll","background-type":"","background-media":"","overlay-type":"","overlay-color":"","overlay-opacity":"","overlay-gradient":""},"tablet":{"background-color":"var(--ast-global-color-5)","background-image":"","background-repeat":"repeat","background-position":"center center","background-size":"auto","background-attachment":"scroll","background-type":"","background-media":"","overlay-type":"","overlay-color":"","overlay-opacity":"","overlay-gradient":""},"mobile":{"background-color":"var(--ast-global-color-5)","background-image":"","background-repeat":"repeat","background-position":"center center","background-size":"auto","background-attachment":"scroll","background-type":"","background-media":"","overlay-type":"","overlay-color":"","overlay-opacity":"","overlay-gradient":""}},"footnotes":""},"class_list":["post-2333","page","type-page","status-publish","hentry"],"_links":{"self":[{"href":"https:\/\/akademiasu.org.pl\/index.php?rest_route=\/wp\/v2\/pages\/2333","targetHints":{"allow":["GET"]}}],"collection":[{"href":"https:\/\/akademiasu.org.pl\/index.php?rest_route=\/wp\/v2\/pages"}],"about":[{"href":"https:\/\/akademiasu.org.pl\/index.php?rest_route=\/wp\/v2\/types\/page"}],"author":[{"embeddable":true,"href":"https:\/\/akademiasu.org.pl\/index.php?rest_route=\/wp\/v2\/users\/2"}],"replies":[{"embeddable":true,"href":"https:\/\/akademiasu.org.pl\/index.php?rest_route=%2Fwp%2Fv2%2Fcomments&post=2333"}],"version-history":[{"count":2,"href":"https:\/\/akademiasu.org.pl\/index.php?rest_route=\/wp\/v2\/pages\/2333\/revisions"}],"predecessor-version":[{"id":2339,"href":"https:\/\/akademiasu.org.pl\/index.php?rest_route=\/wp\/v2\/pages\/2333\/revisions\/2339"}],"up":[{"embeddable":true,"href":"https:\/\/akademiasu.org.pl\/index.php?rest_route=\/wp\/v2\/pages\/1210"}],"wp:attachment":[{"href":"https:\/\/akademiasu.org.pl\/index.php?rest_route=%2Fwp%2Fv2%2Fmedia&parent=2333"}],"curies":[{"name":"wp","href":"https:\/\/api.w.org\/{rel}","templated":true}]}}