{"id":1975,"date":"2022-02-18T07:21:46","date_gmt":"2022-02-18T07:21:46","guid":{"rendered":"https:\/\/akademiasu.org.pl\/?page_id=1975"},"modified":"2022-02-18T07:26:32","modified_gmt":"2022-02-18T07:26:32","slug":"piknik2021","status":"publish","type":"page","link":"https:\/\/akademiasu.org.pl\/?page_id=1975","title":{"rendered":"Piknik Samorz\u0105d\u00f3w Uczniowskich &#8211; Akademia w plenerze"},"content":{"rendered":"\n\n\t<h1>\n\t\t\t\t\t<a href=\"https:\/\/akademiasu.org.pl\/?page_id=1210\" title=\"WARSZTATY\" target=\"_self\" rel=\"noopener\">\n\t\t\t\t\t\tWARSZTATY\n\t\t\t\t\t\t<\/a>\n\t\t\t<\/h1>\n\t\t\t<h3><b>Piknik Samorz\u0105d\u00f3w Uczniowskich &#8211; Akademia w plenerze<\/b><\/h3>\n<p>21 czerwiec 2021r.<\/p>\n\tNa zako\u0144czenie roku szkolnego dotkni\u0119tego nauczaniem zdalnym zaprosimy uczni\u00f3w z wroc\u0142awskich szk\u00f3\u0142 na \u0142ono natury (Osobowice-Wroc\u0142aw nad Odr\u0105), gdzie mogli\u015bmy spotka\u0107 si\u0119 &#8222;na \u017cywo&#8221; i w swobodnej atmosferze porozmawia\u0107.\nBy\u0142a dyskusja o tym co dobre i sensowne w minionym roku oraz o tym czego b\u0119dzie potrzeba w nast\u0119pnym roku. By\u0142 warsztat przeprowadzony przez Hann\u0119 Godlewsk\u0105 oraz Macieja Zygmunta &#8211; skupiony na analizie SWOT oraz wst\u0119pnym planowaniu nast\u0119pnego roku szkolnego. Nie zabrak\u0142o chwili integracji i zabawy. Uczestnicy otrzymali te\u017c informacje o narz\u0119dziach Akademii SU mog\u0105cych wesprze\u0107 ich dzia\u0142ania w nast\u0119pnym roku szkolnym.\nDobre rozmowy, \u015bwietna atmosfera i wa\u017cne wnioski &#8211; takie spotkania s\u0105 dla nas bardzo cenne!\n\t\n\n","protected":false},"excerpt":{"rendered":"<p>Our Projects Adventure Water Sports Interdum exercitation penatibus, praesentium facilisi accusamus fermentum, sagittis. Snow Adventure Winter Sports Interdum exercitation penatibus, praesentium facilisi accusamus fermentum, sagittis. Forest Tours Camping Interdum exercitation penatibus, praesentium facilisi accusamus fermentum, sagittis.<\/p>\n","protected":false},"author":2,"featured_media":0,"parent":1210,"menu_order":0,"comment_status":"closed","ping_status":"closed","template":"","meta":{"site-sidebar-layout":"no-sidebar","site-content-layout":"page-builder","ast-site-content-layout":"default","site-content-style":"default","site-sidebar-style":"default","ast-global-header-display":"","ast-banner-title-visibility":"","ast-main-header-display":"","ast-hfb-above-header-display":"","ast-hfb-below-header-display":"","ast-hfb-mobile-header-display":"","site-post-title":"disabled","ast-breadcrumbs-content":"","ast-featured-img":"disabled","footer-sml-layout":"","theme-transparent-header-meta":"default","adv-header-id-meta":"","stick-header-meta":"","header-above-stick-meta":"","header-main-stick-meta":"","header-below-stick-meta":"","astra-migrate-meta-layouts":"default","ast-page-background-enabled":"default","ast-page-background-meta":{"desktop":{"background-color":"","background-image":"","background-repeat":"repeat","background-position":"center center","background-size":"auto","background-attachment":"scroll","background-type":"","background-media":"","overlay-type":"","overlay-color":"","overlay-opacity":"","overlay-gradient":""},"tablet":{"background-color":"","background-image":"","background-repeat":"repeat","background-position":"center center","background-size":"auto","background-attachment":"scroll","background-type":"","background-media":"","overlay-type":"","overlay-color":"","overlay-opacity":"","overlay-gradient":""},"mobile":{"background-color":"","background-image":"","background-repeat":"repeat","background-position":"center center","background-size":"auto","background-attachment":"scroll","background-type":"","background-media":"","overlay-type":"","overlay-color":"","overlay-opacity":"","overlay-gradient":""}},"ast-content-background-meta":{"desktop":{"background-color":"var(--ast-global-color-5)","background-image":"","background-repeat":"repeat","background-position":"center center","background-size":"auto","background-attachment":"scroll","background-type":"","background-media":"","overlay-type":"","overlay-color":"","overlay-opacity":"","overlay-gradient":""},"tablet":{"background-color":"var(--ast-global-color-5)","background-image":"","background-repeat":"repeat","background-position":"center center","background-size":"auto","background-attachment":"scroll","background-type":"","background-media":"","overlay-type":"","overlay-color":"","overlay-opacity":"","overlay-gradient":""},"mobile":{"background-color":"var(--ast-global-color-5)","background-image":"","background-repeat":"repeat","background-position":"center center","background-size":"auto","background-attachment":"scroll","background-type":"","background-media":"","overlay-type":"","overlay-color":"","overlay-opacity":"","overlay-gradient":""}},"footnotes":""},"class_list":["post-1975","page","type-page","status-publish","hentry"],"_links":{"self":[{"href":"https:\/\/akademiasu.org.pl\/index.php?rest_route=\/wp\/v2\/pages\/1975","targetHints":{"allow":["GET"]}}],"collection":[{"href":"https:\/\/akademiasu.org.pl\/index.php?rest_route=\/wp\/v2\/pages"}],"about":[{"href":"https:\/\/akademiasu.org.pl\/index.php?rest_route=\/wp\/v2\/types\/page"}],"author":[{"embeddable":true,"href":"https:\/\/akademiasu.org.pl\/index.php?rest_route=\/wp\/v2\/users\/2"}],"replies":[{"embeddable":true,"href":"https:\/\/akademiasu.org.pl\/index.php?rest_route=%2Fwp%2Fv2%2Fcomments&post=1975"}],"version-history":[{"count":2,"href":"https:\/\/akademiasu.org.pl\/index.php?rest_route=\/wp\/v2\/pages\/1975\/revisions"}],"predecessor-version":[{"id":1993,"href":"https:\/\/akademiasu.org.pl\/index.php?rest_route=\/wp\/v2\/pages\/1975\/revisions\/1993"}],"up":[{"embeddable":true,"href":"https:\/\/akademiasu.org.pl\/index.php?rest_route=\/wp\/v2\/pages\/1210"}],"wp:attachment":[{"href":"https:\/\/akademiasu.org.pl\/index.php?rest_route=%2Fwp%2Fv2%2Fmedia&parent=1975"}],"curies":[{"name":"wp","href":"https:\/\/api.w.org\/{rel}","templated":true}]}}