{"id":1964,"date":"2022-02-18T07:15:17","date_gmt":"2022-02-18T07:15:17","guid":{"rendered":"https:\/\/akademiasu.org.pl\/?page_id=1964"},"modified":"2022-02-18T07:16:53","modified_gmt":"2022-02-18T07:16:53","slug":"dlugoleka2022","status":"publish","type":"page","link":"https:\/\/akademiasu.org.pl\/?page_id=1964","title":{"rendered":"Warsztat dla klas w Liceum Og\u00f3lnokszta\u0142c\u0105ce im. Olimpijczyk\u00f3w Polskich w D\u0142ugo\u0142\u0119ce"},"content":{"rendered":"\n\n\t<h1>\n\t\t\t\t\t<a href=\"https:\/\/akademiasu.org.pl\/?page_id=1210\" title=\"WARSZTATY\" target=\"_self\" rel=\"noopener\">\n\t\t\t\t\t\tWARSZTATY\n\t\t\t\t\t\t<\/a>\n\t\t\t<\/h1>\n\t\t\t<h3><b>Warsztat dla klas w Liceum Og\u00f3lnokszta\u0142c\u0105ce im. Olimpijczyk\u00f3w Polskich w D\u0142ugo\u0142\u0119ce<\/b><\/h3>\n<p>21 stycze\u0144 2022r.<\/p>\n\tAkademia SU zawita\u0142a w progach szko\u0142y ponadpodstawowej w D\u0142ugo\u0142\u0119ce.\nZrealizowali\u015bmy 3 zaj\u0119cia warsztatowe dla 6 klas &#8211; 120 uczestnik\u00f3w.\nW roli prowadz\u0105cych: Gabriel Antos, Klaudiusz Salamon i Pawe\u0142 Kierakowicz.\nPrzekazali\u015bmy w ramach zaj\u0105\u0107\u00a0podstawow\u0105 wiedz\u0119 na temat podmiotowo\u015bci uczni\u00f3w w szkole. To jednak nie by\u0142 g\u0142\u00f3wny cel. Wychodz\u0105c od teorii przeszli\u015bmy do potrzeb uczni\u00f3w, do tego czego im brakuje. Nast\u0119pnie w ramach dyskusji wy\u0142onili\u015bmy ich talenty, pasje, zainteresowania. Na tej podstawie zmotywowali\u015bmy do dzia\u0142ania, pokazuj\u0105c \u017ce samorz\u0105d uczniowski to przestrze\u0144 do rozwijania swoich zainteresowa\u0144 z korzy\u015bci\u0105 dla szkolnej spo\u0142eczno\u015bci. Okaza\u0142o si\u0119, \u017ce wiele potrzeb i problem\u00f3w mo\u017cna rozwi\u0105za\u0107 podejmuj\u0105c dzia\u0142ania w obszarze uczniowskich pasji i talent\u00f3w.\nSerdecznie dzi\u0119kujemy, opiekunce Samorz\u0105du Uczniowskiego, Pani Iwonie Olejnik za zaproszenie!\n\t\n\n","protected":false},"excerpt":{"rendered":"<p>Our Projects Adventure Water Sports Interdum exercitation penatibus, praesentium facilisi accusamus fermentum, sagittis. Snow Adventure Winter Sports Interdum exercitation penatibus, praesentium facilisi accusamus fermentum, sagittis. Forest Tours Camping Interdum exercitation penatibus, praesentium facilisi accusamus fermentum, sagittis.<\/p>\n","protected":false},"author":2,"featured_media":0,"parent":1210,"menu_order":0,"comment_status":"closed","ping_status":"closed","template":"","meta":{"site-sidebar-layout":"no-sidebar","site-content-layout":"page-builder","ast-site-content-layout":"default","site-content-style":"default","site-sidebar-style":"default","ast-global-header-display":"","ast-banner-title-visibility":"","ast-main-header-display":"","ast-hfb-above-header-display":"","ast-hfb-below-header-display":"","ast-hfb-mobile-header-display":"","site-post-title":"disabled","ast-breadcrumbs-content":"","ast-featured-img":"disabled","footer-sml-layout":"","theme-transparent-header-meta":"default","adv-header-id-meta":"","stick-header-meta":"","header-above-stick-meta":"","header-main-stick-meta":"","header-below-stick-meta":"","astra-migrate-meta-layouts":"default","ast-page-background-enabled":"default","ast-page-background-meta":{"desktop":{"background-color":"","background-image":"","background-repeat":"repeat","background-position":"center center","background-size":"auto","background-attachment":"scroll","background-type":"","background-media":"","overlay-type":"","overlay-color":"","overlay-opacity":"","overlay-gradient":""},"tablet":{"background-color":"","background-image":"","background-repeat":"repeat","background-position":"center center","background-size":"auto","background-attachment":"scroll","background-type":"","background-media":"","overlay-type":"","overlay-color":"","overlay-opacity":"","overlay-gradient":""},"mobile":{"background-color":"","background-image":"","background-repeat":"repeat","background-position":"center center","background-size":"auto","background-attachment":"scroll","background-type":"","background-media":"","overlay-type":"","overlay-color":"","overlay-opacity":"","overlay-gradient":""}},"ast-content-background-meta":{"desktop":{"background-color":"var(--ast-global-color-5)","background-image":"","background-repeat":"repeat","background-position":"center center","background-size":"auto","background-attachment":"scroll","background-type":"","background-media":"","overlay-type":"","overlay-color":"","overlay-opacity":"","overlay-gradient":""},"tablet":{"background-color":"var(--ast-global-color-5)","background-image":"","background-repeat":"repeat","background-position":"center center","background-size":"auto","background-attachment":"scroll","background-type":"","background-media":"","overlay-type":"","overlay-color":"","overlay-opacity":"","overlay-gradient":""},"mobile":{"background-color":"var(--ast-global-color-5)","background-image":"","background-repeat":"repeat","background-position":"center center","background-size":"auto","background-attachment":"scroll","background-type":"","background-media":"","overlay-type":"","overlay-color":"","overlay-opacity":"","overlay-gradient":""}},"footnotes":""},"class_list":["post-1964","page","type-page","status-publish","hentry"],"_links":{"self":[{"href":"https:\/\/akademiasu.org.pl\/index.php?rest_route=\/wp\/v2\/pages\/1964","targetHints":{"allow":["GET"]}}],"collection":[{"href":"https:\/\/akademiasu.org.pl\/index.php?rest_route=\/wp\/v2\/pages"}],"about":[{"href":"https:\/\/akademiasu.org.pl\/index.php?rest_route=\/wp\/v2\/types\/page"}],"author":[{"embeddable":true,"href":"https:\/\/akademiasu.org.pl\/index.php?rest_route=\/wp\/v2\/users\/2"}],"replies":[{"embeddable":true,"href":"https:\/\/akademiasu.org.pl\/index.php?rest_route=%2Fwp%2Fv2%2Fcomments&post=1964"}],"version-history":[{"count":3,"href":"https:\/\/akademiasu.org.pl\/index.php?rest_route=\/wp\/v2\/pages\/1964\/revisions"}],"predecessor-version":[{"id":1972,"href":"https:\/\/akademiasu.org.pl\/index.php?rest_route=\/wp\/v2\/pages\/1964\/revisions\/1972"}],"up":[{"embeddable":true,"href":"https:\/\/akademiasu.org.pl\/index.php?rest_route=\/wp\/v2\/pages\/1210"}],"wp:attachment":[{"href":"https:\/\/akademiasu.org.pl\/index.php?rest_route=%2Fwp%2Fv2%2Fmedia&parent=1964"}],"curies":[{"name":"wp","href":"https:\/\/api.w.org\/{rel}","templated":true}]}}