{"id":1879,"date":"2022-01-25T21:57:04","date_gmt":"2022-01-25T21:57:04","guid":{"rendered":"https:\/\/akademiasu.org.pl\/?page_id=1879"},"modified":"2023-11-04T11:05:46","modified_gmt":"2023-11-04T11:05:46","slug":"dane-osobowe-kontakt","status":"publish","type":"page","link":"https:\/\/akademiasu.org.pl\/?page_id=1879","title":{"rendered":"Dane osobowe &#8211; Formularz kontaktowy"},"content":{"rendered":"\n\n\t\t\t\t<img decoding=\"async\" src=\"https:\/\/akademiasu.org.pl\/wp-content\/uploads\/2021\/11\/Zrzut_ekranu_2021-11-06_140205-removebg-preview.png\" alt=\"Zrzut_ekranu_2021-11-06_140205-removebg-preview\" itemprop=\"image\" title=\"Zrzut_ekranu_2021-11-06_140205-removebg-preview\" onerror=\"this.style.display='none'\"  \/>\n<h2>\n\t\tDANE OSOBOWE\n\t<\/h2>\n\t\t\t\t<img decoding=\"async\" src=\"https:\/\/akademiasu.org.pl\/wp-content\/uploads\/2021\/11\/Zrzut_ekranu_2021-11-06_140710-removebg-preview.png\" alt=\"Zrzut_ekranu_2021-11-06_140710-removebg-preview\" itemprop=\"image\" title=\"Zrzut_ekranu_2021-11-06_140710-removebg-preview\" onerror=\"this.style.display='none'\"  \/>\n\t<strong>INFORMACJA O SPOSOBIE PRZETWARZANIA MOICH DANYCH OSOBOWYCH &#8211; FORMULARZ KONTAKTOWY<\/strong><br \/>\n1. Administratorem Pani\/Pana danych osobowych jest Fundacja SKYRIS z siedzib\u0105 we Wroc\u0142awiu przy ul. Ostrowskiej 26, 51-005 Wroc\u0142aw wpisana do Krajowego Rejestru S\u0105dowego &#8211; rejestru stowarzysze\u0144, innych organizacji spo\u0142ecznych i zawodowych, fundacji oraz samodzielnych publicznych zak\u0142ad\u00f3w opieki zdrowotnej prowadzonego przez S\u0105d Rejonowy dla Wroc\u0142awia-Fabrycznej VI Wydzia\u0142 Gospodarczy &#8211; Krajowego Rejestru S\u0105dowego pod numerem 0000985481, zwan\u0105 dalej \u201eAdministratorem&#8221; lub \u201eFundacj\u0105&#8221;. Z Administratorem mo\u017cna skontaktowa\u0107 si\u0119 poczt\u0105 elektroniczn\u0105 pod adresem biuro@akademiasu.org.pl.<br \/>\n2. Administrator nie wyznaczy\u0142 inspektora ochrony danych.<br \/>\n3. Pani\/Pana dane osobowe przetwarzane b\u0119d\u0105 w celu udzielenia odpowiedzi drog\u0105 mailow\u0105 na pytanie z formularza kontaktowego &#8211; na podstawie art. 6 ust. 1 lit. a rozporz\u0105dzenia Parlamentu Europejskiego i Rady (UE) 2016\/679 z dnia 27 kwietnia 2016 r. w sprawie ochrony os\u00f3b fizycznych w zwi\u0105zku z przetwarzaniem danych osobowych i w sprawie swobodnego przep\u0142ywu takich danych oraz uchylenia dyrektywy 95\/46\/WE (Dz. U. UE. L. z 2016 r. Nr 119, str. 1 ze zm.).<br \/>\n4. Pani\/Pana dane osobowe mog\u0105 by\u0107 przekazywane do pa\u0144stw poza Europejskim Obszarem Gospodarczym, tj. do Stan\u00f3w Zjednoczonych &#8211; na podstawie decyzji Komisji Europejskiej z dnia 12 lipca 2016 r. wprowadzaj\u0105cej Tarcz\u0119 Prywatno\u015bci (tzw. Privacy Shield) oraz do innych pa\u0144stw, w kt\u00f3rych znajduj\u0105 si\u0119 centra danych Googlelub dane przetwarzane s\u0105 przez subprocesor\u00f3w Google &#8211; na podstawie standardowych klauzul umownych, kt\u00f3re zobowi\u0105zuj\u0105 ten podmiot przetwarzaj\u0105cy do w\u0142a\u015bciwego zabezpieczenia danych osobowych.<br \/>\n5. Pani\/Pana dane osobowe nie b\u0119d\u0105 przetwarzane w spos\u00f3b zautomatyzowany.<br \/>\n6. Pani\/Pana dane osobowe b\u0119d\u0105 przechowywane przez okres niezb\u0119dny do realizacji cel\u00f3w przetwarzania.<br \/>\n7. Przys\u0142uguje Pani\/Panu prawo do \u017c\u0105dania od Administratora dost\u0119pu do Pana\/Pani danych osobowych, ich sprostowania, usuni\u0119cia lub ograniczenia przetwarzania lub prawo do wniesienia sprzeciwu wobec przetwarzania, a tak\u017ce prawo do przenoszenia danych oraz prawo do wniesienia skargi do organu nadzorczego &#8211; Prezesa Urz\u0119du Ochrony Danych Osobowych.<br \/>\n8. Podanie danych osobowych jest dobrowolne, jednak\u017ce konsekwencj\u0105 niepodania danych osobowych wymaganych przez Administratora jest brak mo\u017cliwo\u015bci uczestnictwa w wydarzeniu organizowanym przez Fundacj\u0119.\n\n","protected":false},"excerpt":{"rendered":"<p>DANE OSOBOWE INFORMACJA O SPOSOBIE PRZETWARZANIA MOICH DANYCH OSOBOWYCH &#8211; FORMULARZ KONTAKTOWY 1. Administratorem Pani\/Pana danych osobowych jest Fundacja SKYRIS z siedzib\u0105 we Wroc\u0142awiu przy ul. Ostrowskiej 26, 51-005 Wroc\u0142aw wpisana do Krajowego Rejestru S\u0105dowego &#8211; rejestru stowarzysze\u0144, innych organizacji spo\u0142ecznych i zawodowych, fundacji oraz samodzielnych publicznych zak\u0142ad\u00f3w opieki zdrowotnej prowadzonego przez S\u0105d Rejonowy dla [&hellip;]<\/p>\n","protected":false},"author":2,"featured_media":0,"parent":590,"menu_order":0,"comment_status":"closed","ping_status":"closed","template":"","meta":{"site-sidebar-layout":"no-sidebar","site-content-layout":"plain-container","ast-site-content-layout":"default","site-content-style":"default","site-sidebar-style":"default","ast-global-header-display":"","ast-banner-title-visibility":"","ast-main-header-display":"","ast-hfb-above-header-display":"","ast-hfb-below-header-display":"","ast-hfb-mobile-header-display":"","site-post-title":"disabled","ast-breadcrumbs-content":"","ast-featured-img":"disabled","footer-sml-layout":"","theme-transparent-header-meta":"default","adv-header-id-meta":"","stick-header-meta":"","header-above-stick-meta":"","header-main-stick-meta":"","header-below-stick-meta":"","astra-migrate-meta-layouts":"default","ast-page-background-enabled":"default","ast-page-background-meta":{"desktop":{"background-color":"","background-image":"","background-repeat":"repeat","background-position":"center center","background-size":"auto","background-attachment":"scroll","background-type":"","background-media":"","overlay-type":"","overlay-color":"","overlay-opacity":"","overlay-gradient":""},"tablet":{"background-color":"","background-image":"","background-repeat":"repeat","background-position":"center center","background-size":"auto","background-attachment":"scroll","background-type":"","background-media":"","overlay-type":"","overlay-color":"","overlay-opacity":"","overlay-gradient":""},"mobile":{"background-color":"","background-image":"","background-repeat":"repeat","background-position":"center center","background-size":"auto","background-attachment":"scroll","background-type":"","background-media":"","overlay-type":"","overlay-color":"","overlay-opacity":"","overlay-gradient":""}},"ast-content-background-meta":{"desktop":{"background-color":"var(--ast-global-color-5)","background-image":"","background-repeat":"repeat","background-position":"center center","background-size":"auto","background-attachment":"scroll","background-type":"","background-media":"","overlay-type":"","overlay-color":"","overlay-opacity":"","overlay-gradient":""},"tablet":{"background-color":"var(--ast-global-color-5)","background-image":"","background-repeat":"repeat","background-position":"center center","background-size":"auto","background-attachment":"scroll","background-type":"","background-media":"","overlay-type":"","overlay-color":"","overlay-opacity":"","overlay-gradient":""},"mobile":{"background-color":"var(--ast-global-color-5)","background-image":"","background-repeat":"repeat","background-position":"center center","background-size":"auto","background-attachment":"scroll","background-type":"","background-media":"","overlay-type":"","overlay-color":"","overlay-opacity":"","overlay-gradient":""}},"footnotes":""},"class_list":["post-1879","page","type-page","status-publish","hentry"],"_links":{"self":[{"href":"https:\/\/akademiasu.org.pl\/index.php?rest_route=\/wp\/v2\/pages\/1879","targetHints":{"allow":["GET"]}}],"collection":[{"href":"https:\/\/akademiasu.org.pl\/index.php?rest_route=\/wp\/v2\/pages"}],"about":[{"href":"https:\/\/akademiasu.org.pl\/index.php?rest_route=\/wp\/v2\/types\/page"}],"author":[{"embeddable":true,"href":"https:\/\/akademiasu.org.pl\/index.php?rest_route=\/wp\/v2\/users\/2"}],"replies":[{"embeddable":true,"href":"https:\/\/akademiasu.org.pl\/index.php?rest_route=%2Fwp%2Fv2%2Fcomments&post=1879"}],"version-history":[{"count":5,"href":"https:\/\/akademiasu.org.pl\/index.php?rest_route=\/wp\/v2\/pages\/1879\/revisions"}],"predecessor-version":[{"id":2549,"href":"https:\/\/akademiasu.org.pl\/index.php?rest_route=\/wp\/v2\/pages\/1879\/revisions\/2549"}],"up":[{"embeddable":true,"href":"https:\/\/akademiasu.org.pl\/index.php?rest_route=\/wp\/v2\/pages\/590"}],"wp:attachment":[{"href":"https:\/\/akademiasu.org.pl\/index.php?rest_route=%2Fwp%2Fv2%2Fmedia&parent=1879"}],"curies":[{"name":"wp","href":"https:\/\/api.w.org\/{rel}","templated":true}]}}