{"id":1486,"date":"2021-11-09T07:28:38","date_gmt":"2021-11-09T07:28:38","guid":{"rendered":"https:\/\/akademiasu.org.pl\/?page_id=1486"},"modified":"2024-08-29T20:30:32","modified_gmt":"2024-08-29T20:30:32","slug":"darowizna","status":"publish","type":"page","link":"https:\/\/akademiasu.org.pl\/?page_id=1486","title":{"rendered":"Wesprzyj nasze dzia\u0142ania"},"content":{"rendered":"\n\n\t\t\t\t<img loading=\"lazy\" decoding=\"async\" src=\"https:\/\/akademiasu.org.pl\/wp-content\/uploads\/2021\/11\/Zrzut_ekranu_2021-11-06_140205-removebg-preview.png\" alt=\"Zrzut_ekranu_2021-11-06_140205-removebg-preview\" itemprop=\"image\" height=\"63\" width=\"403\" title=\"Zrzut_ekranu_2021-11-06_140205-removebg-preview\" onerror=\"this.style.display='none'\"  \/>\n<h2>\n\t\tWESPRZYJ NASZE DZIA\u0141ANIA\n\t<\/h2>\n\t\t\t\t<img loading=\"lazy\" decoding=\"async\" src=\"https:\/\/akademiasu.org.pl\/wp-content\/uploads\/2021\/11\/Zrzut_ekranu_2021-11-06_140710-removebg-preview.png\" alt=\"Zrzut_ekranu_2021-11-06_140710-removebg-preview\" itemprop=\"image\" height=\"59\" width=\"391\" title=\"Zrzut_ekranu_2021-11-06_140710-removebg-preview\" onerror=\"this.style.display='none'\"  \/>\n\t<p><strong>Przy\u0142\u0105cz si\u0119 do naszej misji kszta\u0142towania lider\u00f3w przysz\u0142o\u015bci poprzez wsparcie Akademii Samorz\u0105d\u00f3w Uczniowskich!<\/strong><\/p>\n<p>Twoja hojno\u015b\u0107 pomo\u017ce nam rozwija\u0107 umiej\u0119tno\u015bci przyw\u00f3dcze i spo\u0142eczne m\u0142odych ludzi, inspiruj\u0105c ich do aktywnego uczestnictwa w \u017cyciu spo\u0142ecznym. Wsp\u00f3lnie mo\u017cemy budowa\u0107 silniejsze spo\u0142ecze\u0144stwo, daj\u0105c m\u0142odym ludziom narz\u0119dzia do skutecznego dzia\u0142ania i wprowadzania pozytywnych zmian. Zosta\u0144 naszym sojusznikiem w formowaniu przysz\u0142ych lider\u00f3w, wsparcie finansowe to inwestycja w jasn\u0105 i obiecuj\u0105c\u0105 przysz\u0142o\u015b\u0107!<\/p>\n<p><strong>Potrzebujemy Twojego wsparcia w realizacji naszej misji, <\/strong>aby zapewni\u0107 pokrycie sta\u0142ych koszt\u00f3w funkcjonowanie Akademii SU, takich jak:<\/p>\n<ul>\n<li><em>utrzymanie i prowadzenie strony internetowej <\/em><\/li>\n<li><em>przygotowanie projekt\u00f3w badawczych i edukacyjnych <\/em><\/li>\n<li><em>organizacja regularnej pracy zespo\u0142u ASU <\/em><\/li>\n<li><em>koszty ksi\u0119gowe<\/em><\/li>\n<\/ul>\n<p>Dzi\u0119kujemy!<\/p>\n<h4>\n\t\tWP\u0141ATA NA ZRZUTK\u0118\n\t<\/h4>\n\t<iframe src=\"https:\/\/zrzutka.pl\/x63gb7\/widget\/23\" frameborder=\"0\" scrolling=\"no\"><\/iframe>\n<h4>\n\t\tDAROWIZNA NA KONTO\n\t<\/h4>\n\t<p>NUMER KONTA: 68 1090 2398 0000 0001 5892 6359<\/p>\n<p>ODBIORCA: Fundacja Skyris<\/p>\n<p>TYTU\u0141 PRZELEWU: Darowizna na cele statutowe<\/p>\n\n","protected":false},"excerpt":{"rendered":"<p>WESPRZYJ NASZE DZIA\u0141ANIA Przy\u0142\u0105cz si\u0119 do naszej misji kszta\u0142towania lider\u00f3w przysz\u0142o\u015bci poprzez wsparcie Akademii Samorz\u0105d\u00f3w Uczniowskich! Twoja hojno\u015b\u0107 pomo\u017ce nam rozwija\u0107 umiej\u0119tno\u015bci przyw\u00f3dcze i spo\u0142eczne m\u0142odych ludzi, inspiruj\u0105c ich do aktywnego uczestnictwa w \u017cyciu spo\u0142ecznym. Wsp\u00f3lnie mo\u017cemy budowa\u0107 silniejsze spo\u0142ecze\u0144stwo, daj\u0105c m\u0142odym ludziom narz\u0119dzia do skutecznego dzia\u0142ania i wprowadzania pozytywnych zmian. Zosta\u0144 naszym sojusznikiem w [&hellip;]<\/p>\n","protected":false},"author":2,"featured_media":0,"parent":0,"menu_order":0,"comment_status":"closed","ping_status":"closed","template":"","meta":{"site-sidebar-layout":"no-sidebar","site-content-layout":"plain-container","ast-site-content-layout":"default","site-content-style":"default","site-sidebar-style":"default","ast-global-header-display":"","ast-banner-title-visibility":"","ast-main-header-display":"","ast-hfb-above-header-display":"","ast-hfb-below-header-display":"","ast-hfb-mobile-header-display":"","site-post-title":"disabled","ast-breadcrumbs-content":"","ast-featured-img":"disabled","footer-sml-layout":"","theme-transparent-header-meta":"default","adv-header-id-meta":"","stick-header-meta":"","header-above-stick-meta":"","header-main-stick-meta":"","header-below-stick-meta":"","astra-migrate-meta-layouts":"default","ast-page-background-enabled":"default","ast-page-background-meta":{"desktop":{"background-color":"","background-image":"","background-repeat":"repeat","background-position":"center center","background-size":"auto","background-attachment":"scroll","background-type":"","background-media":"","overlay-type":"","overlay-color":"","overlay-opacity":"","overlay-gradient":""},"tablet":{"background-color":"","background-image":"","background-repeat":"repeat","background-position":"center center","background-size":"auto","background-attachment":"scroll","background-type":"","background-media":"","overlay-type":"","overlay-color":"","overlay-opacity":"","overlay-gradient":""},"mobile":{"background-color":"","background-image":"","background-repeat":"repeat","background-position":"center center","background-size":"auto","background-attachment":"scroll","background-type":"","background-media":"","overlay-type":"","overlay-color":"","overlay-opacity":"","overlay-gradient":""}},"ast-content-background-meta":{"desktop":{"background-color":"var(--ast-global-color-5)","background-image":"","background-repeat":"repeat","background-position":"center center","background-size":"auto","background-attachment":"scroll","background-type":"","background-media":"","overlay-type":"","overlay-color":"","overlay-opacity":"","overlay-gradient":""},"tablet":{"background-color":"var(--ast-global-color-5)","background-image":"","background-repeat":"repeat","background-position":"center center","background-size":"auto","background-attachment":"scroll","background-type":"","background-media":"","overlay-type":"","overlay-color":"","overlay-opacity":"","overlay-gradient":""},"mobile":{"background-color":"var(--ast-global-color-5)","background-image":"","background-repeat":"repeat","background-position":"center center","background-size":"auto","background-attachment":"scroll","background-type":"","background-media":"","overlay-type":"","overlay-color":"","overlay-opacity":"","overlay-gradient":""}},"footnotes":""},"class_list":["post-1486","page","type-page","status-publish","hentry"],"_links":{"self":[{"href":"https:\/\/akademiasu.org.pl\/index.php?rest_route=\/wp\/v2\/pages\/1486","targetHints":{"allow":["GET"]}}],"collection":[{"href":"https:\/\/akademiasu.org.pl\/index.php?rest_route=\/wp\/v2\/pages"}],"about":[{"href":"https:\/\/akademiasu.org.pl\/index.php?rest_route=\/wp\/v2\/types\/page"}],"author":[{"embeddable":true,"href":"https:\/\/akademiasu.org.pl\/index.php?rest_route=\/wp\/v2\/users\/2"}],"replies":[{"embeddable":true,"href":"https:\/\/akademiasu.org.pl\/index.php?rest_route=%2Fwp%2Fv2%2Fcomments&post=1486"}],"version-history":[{"count":17,"href":"https:\/\/akademiasu.org.pl\/index.php?rest_route=\/wp\/v2\/pages\/1486\/revisions"}],"predecessor-version":[{"id":2736,"href":"https:\/\/akademiasu.org.pl\/index.php?rest_route=\/wp\/v2\/pages\/1486\/revisions\/2736"}],"wp:attachment":[{"href":"https:\/\/akademiasu.org.pl\/index.php?rest_route=%2Fwp%2Fv2%2Fmedia&parent=1486"}],"curies":[{"name":"wp","href":"https:\/\/api.w.org\/{rel}","templated":true}]}}